(-2)/14). Suppose 3*a = 2*v - l - 44, -4*v - 4*a = -140. What are the prime factors of v?
31
Suppose 0 = -4*k + 5*k - 4. Suppose 3*c - 37 = -k*m, -c - 2*c + 2*m + 67 = 0. List the prime factors of c.
19
Suppose 2*q + 5*h - 192 = 0, 0*q - 2*q + 4*h + 174 = 0. What are the prime factors of q?
7, 13
Let r = 33 - 16. List the prime factors of r.
17
Let c be (-21)/(-9) - 6/(-9). Let s(r) = -10*r**2 + 2*r**3 - 3*r**3 - 8 - 3 - c*r. What are the prime factors of s(-10)?
19
What are the prime factors of (4/(-10))/(10/(-50))?
2
Let q(m) = m**3 - 8*m**2 + 4*m + 4. Let h be q(6). Let a = h - 36. List the prime factors of a/(-15) - (-2)/3.
2, 3
Suppose 7*j + 2*p = 5*j + 26, -3*p = -j + 21. What are the prime factors of j?
3, 5
Let r be (-45)/2*(-44)/3. Let n = r - 211. Suppose -54 = -3*s + 3*w, 5*s - 4*w - n + 33 = 0. List the prime factors of s.
2, 7
Let g(i) = -i**3 + i**2 - i + 4. Let v(q) = -q**2 + 4*q - 3. Let w be v(3). List the prime factors of g(w).
2
List the prime factors of 78/4 + 3/6.
2, 5
Suppose -33 = -2*r + 5*i + 81, r = 4*i + 60. Suppose -2*c = 2*p - 0*c - 102, -p - 2*c = -r. What are the prime factors of p?
2, 5
Let f(w) = 2*w - w + 3*w. List the prime factors of f(3).
2, 3
Let h be -1 - 10/((-6)/3). Suppose 5*r = -h*c - 6, -r + 2*c + 4 = -3*r. What are the prime factors of r?
2
Suppose h = -h. Suppose -2*b + 6 - 2 = h. List the prime factors of b.
2
Suppose 2*l = 3*p - 3*l - 12, -5*l - 3 = -2*p. Suppose 0 = 2*k + 1 - p. What are the prime factors of k?
2
Suppose 2*y + 5*p + 20 = -3*y, -3*y + 4*p - 40 = 0. Suppose 3*g + 3 = 15. List the prime factors of (g/y)/(1/(-22)).
11
Let x(u) = u**3 + u**2 + 3. Let d be (-2)/(-7) - (-2)/(-7). Let f be x(d). Let o(i) = 2*i**2 - 3*i + 1. What are the prime factors of o(f)?
2, 5
Suppose 3*y - 18 + 0 = 0. Suppose -15 - y = -3*z. List the prime factors of z.
7
Suppose 4*t - 2*h = 524, -3*t = 2*h + 66 - 459. What are the prime factors of t?
131
Suppose 6*v = 2*v + 104. What are the prime factors of v?
2, 13
Suppose 8*h - 12*h = -540. What are the prime factors of h?
3, 5
Let x(t) = 24*t + 23. List the prime factors of x(9).
239
Suppose -11 = -5*g + 5*w + 14, -21 = -3*g + 5*w. Suppose -q + g*q - 8 = 0. List the prime factors of q.
2
Let h be 10/15 - 62/3. Let z = h - -29. What are the prime factors of z?
3
Suppose 83 = 2*i + 4*q - 43, -2*i + 133 = -3*q. What are the prime factors of i?
5, 13
Let q = -3 + 7. Suppose 0 = q*h + 2 + 34. List the prime factors of (-111)/h - (-3)/(-9).
2, 3
Suppose 0 = -3*h - 16 + 760. Suppose 8*i + 3*s - h = 3*i, 0 = 2*i - 2*s - 112. List the prime factors of i.
2, 13
Suppose 2*o - 238 - 74 = 0. List the prime factors of o.
2, 3, 13
Suppose -3*r - 2*r + 10 = 0. Suppose -q + 4*q + 50 = 2*x, -3*x + 35 = -r*q. Let u = q + 29. What are the prime factors of u?
13
Let c(f) = -22*f + 12. List the prime factors of c(-5).
2, 61
Suppose -m - 114 = -4*c - 2*m, -5*m = 4*c - 122. Let t = 40 - c. What are the prime factors of t?
2, 3
Let s = -3 - 2. Let p = s - -30. List the prime factors of p.
5
Suppose 5*v - 235 = -5*r, 6*r - 5*v = r + 235. What are the prime factors of r?
47
Let k(o) be the first derivative of o**4/4 - 4*o**3/3 + o**2 - 2*o + 1. Suppose 4*m - 2*m = 8. List the prime factors of k(m).
2, 3
Suppose 0 = -0*w + 4*w + n - 18, -5*w + 33 = -4*n. Suppose -14 = -q - 6. Let v = q - w. What are the prime factors of v?
3
Let r = 17 - 10. Let c(v) = v**2 - 8*v - 4. Let m be c(r). What are the prime factors of (-5 + -1)/3 - m?
3
Let f(p) = -22*p. List the prime factors of f(-6).
2, 3, 11
Let k be 0/1 + 1 + -1. Suppose k = -7*o + 3*o + 8. Suppose g = -5*b - 2*g - 2, 2*g + 12 = o*b. What are the prime factors of b?
2
Let i = 19 + -11. Let g = i + -3. What are the prime factors of g?
5
Let d(h) = 6 + 2*h + 0*h - h + h**2 + 4*h. Let x(n) = -n**2 - 5*n - 6. Let j(z) = -4*d(z) - 5*x(z). List the prime factors of j(-4).
2
Suppose -4*n + 2*r + 161 + 165 = 0, 0 = n + 5*r - 109. List the prime factors of n.
2, 3, 7
Let h be (254/(-4))/(2/(-4)). Suppose 3*j + h = 2*l, 3*j - 245 = -4*l - 0*j. What are the prime factors of l?
2, 31
Suppose 2*a + 3*a = 0. Let q = 11 + -8. Suppose 30 = q*z - a. List the prime factors of z.
2, 5
Let d(n) = -n**2 - 16*n + 2. Let f be ((-2)/(-6))/(4/(-156)). List the prime factors of d(f).
41
Suppose 101 = -13*m + 270. What are the prime factors of m?
13
Let l = -10 + 18. What are the prime factors of l?
2
Let l(h) = -6*h**3 - 9*h**2 - 13*h + 11. Let p(n) = 7*n**3 + 9*n**2 + 14*n - 12. Let j(b) = 6*l(b) + 5*p(b). List the prime factors of j(-8).
2, 3
Let q(m) = 9*m**2 - 7*m - 11. Let j(t) = 5*t**2 - 3*t - 5. Let v(p) = -5*j(p) + 3*q(p). Let r be v(6). Let x = -18 + r. List the prime factors of x.
2, 5
Let m(h) = -h + 14. Suppose 2*s = 18 + 6. What are the prime factors of m(s)?
2
Let v be 2/8 + (-2125)/20. Let r be 2 - (0/(-1) - v). List the prime factors of 2/9 + r/(-18).
2, 3
Let y = -4 - -7. Suppose y*a + 4 = 4*w + 10, 13 = -5*a - w. Let d = a + 4. What are the prime factors of d?
2
Let c(n) = 3*n**3 - 2*n**2 - n - 1. Suppose 0 = -0*v + 3*v - 6. Suppose -14 = -v*r - 5*z + 15, 4*z = 5*r + 10. List the prime factors of c(r).
13
Let x(l) = -l**2 + 6*l + 3. Let m be x(6). Let v be 4/1 - (-2 + m). Suppose i + 4*i = 4*r - v, -2*r - 3*i = -29. What are the prime factors of r?
7
What are the prime factors of 2/(-5) + 2656/40?
2, 3, 11
Let y(m) = -m**3 + 6*m**2 + 2*m + 3. Let k(n) = n**3 - n**2 + n. Let f(p) = -3*k(p) - y(p). Let j be f(-3). Let w = j + -23. List the prime factors of w.
2
Suppose -95 + 224 = k. What are the prime factors of k?
3, 43
Suppose 0 = -5*q - 3*v + 52, 5*v - 5 = -q + 1. What are the prime factors of q - ((1 - -3) + -1)?
2
Let w = 8 + -4. Suppose -4*k - 100 = -4*d, 0 = -w*d - 3*k + 66 + 20. What are the prime factors of d?
23
Suppose -144 - 61 = -5*g. List the prime factors of g.
41
Suppose -b = -3*b. Suppose b = -3*m - m. Let g = 13 + m. What are the prime factors of g?
13
Let d be (-5)/(1/(-2)*-2). What are the prime factors of (-1)/d + (-120)/(-25)?
5
Suppose -328 = -3*v - 7. List the prime factors of v.
107
Suppose -4*s + 10 = 2. Suppose 3*k - 78 = -3*g, -g - 37 = -s*k - 6*g. List the prime factors of k.
31
Let q(w) = -w**3 - 7*w**2 - 6*w - 6. Let d be q(-6). Let o be 3/1 - d/(-3). List the prime factors of (-16)/2*(o + -2).
2
Suppose -3*y = 4*q - 590, 2*q - 4*y - y - 282 = 0. Suppose -5*x + 104 = -q. What are the prime factors of x?
2, 5
Let o = 29 - 9. Let d be (-2)/(-4) - o/(-8). Suppose 0 = -3*g - 4*w + 23, 0 = 5*g + w - d*w - 47. What are the prime factors of g?
3
Let a(d) = 8*d - 7 + 11*d - 9*d - d**3 + 7*d**2. Suppose 0 = u, 3*r + u - 2*u - 24 = 0. What are the prime factors of a(r)?
3
Let z = 4 - -3. Let d = z + 8. List the prime factors of d.
3, 5
Let n(t) = t**2 - 3*t + 2. Let m(h) = -h + 1. Let w(q) = 6*m(q) - n(q). Let l be w(-6). What are the prime factors of (-4)/l + (-66)/(-14)?
5
Let r = 19 - -17. List the prime factors of r.
2, 3
Let p(j) = -j**2 + 3. Let k be p(0). Suppose -k*i = -6*i + 99. What are the prime factors of i?
3, 11
Suppose 0 = 2*g - 2 - 2. Suppose -5*b + 91 = g*i, -2 = -2*b + b + 5*i. What are the prime factors of b?
17
Let k = 18 - -28. Suppose 2*j + 5*h - 2 = 16, -4*j + k = 5*h. What are the prime factors of j?
2, 7
Suppose f - 3*f = 2*z - 2, 0 = z + 2*f. Suppose -z*m - 17 = -57. List the prime factors of m.
2, 5
Let l(m) = 9*m**2 - 3*m + 4. Let u be l(3). Let z be (-3)/((-3)/4 - 0). Suppose -5*j = 5*y - j - 93, -4*y + u = z*j. What are the prime factors of y?
17
Let t(n) = -3*n - 6. What are the prime factors of t(-6)?
2, 3
Let b be (-8)/(-10)*(0 - 20). Let n be (-1)/((-2)/b) + 2. What are the prime factors of -1*1*(0 + n)?
2, 3
Suppose -3*r + 5*r = 106. List the prime factors of r.
53
Let m = 28 + -3. What are the prime factors of m?
5
Let y be -6 - -1*2/2. Let m(o) = 2 - 12*o**2 - 5*o - o + 0*o + 11*o**2. List the prime factors of m(y).
7
Suppose 0 = -3*s + 38 + 64. What are the prime factors of s?
2, 17
Let x be (-1887)/(-33) - (-4)/(-22). Suppose 4*k = -3*v + k + x, 1 = k. Suppose 3*c + 3 = -5*p, 2*p + 4 - v = -5*c. What are the prime factors of c?
2
Let j(p) be the third derivative of 1/2*p**3 - 1/12*p**5 - 1/120*p**6 + 0 + 1/4*p**4 + 0*p - 3*p**2. What are the prime factors of j(-6)?
3
Suppose r - 5 - 2